 is the remainder when 348407 is divided by 15?
2
Calculate the remainder when 20342968 is divided by 15.
13
Calculate the remainder when 4442 is divided by 138.
26
What is the remainder when 14550 is divided by 1348?
1070
What is the remainder when 5531 is divided by 67?
37
Calculate the remainder when 628 is divided by 422.
206
Calculate the remainder when 24789 is divided by 111.
36
What is the remainder when 301789 is divided by 843?
838
What is the remainder when 1117 is divided by 501?
115
What is the remainder when 2113 is divided by 2103?
10
What is the remainder when 260682 is divided by 7665?
72
Calculate the remainder when 37307 is divided by 9319.
31
Calculate the remainder when 28676 is divided by 9554.
14
What is the remainder when 110021 is divided by 1667?
1666
Calculate the remainder when 201764 is divided by 773.
11
Calculate the remainder when 21913 is divided by 757.
717
Calculate the remainder when 3342 is divided by 38.
36
Calculate the remainder when 1208392 is divided by 374.
372
Calculate the remainder when 8308 is divided by 169.
27
Calculate the remainder when 15386 is divided by 95.
91
Calculate the remainder when 2830 is divided by 678.
118
What is the remainder when 10914 is divided by 1362?
18
What is the remainder when 23631 is divided by 108?
87
Calculate the remainder when 59468 is divided by 29719.
30
Calculate the remainder when 490642 is divided by 198.
196
Calculate the remainder when 8473 is divided by 1693.
8
Calculate the remainder when 46180 is divided by 3839.
112
What is the remainder when 73288 is divided by 24397?
97
What is the remainder when 3241718 is divided by 13?
12
Calculate the remainder when 62827 is divided by 816.
811
Calculate the remainder when 788402 is divided by 81.
29
Calculate the remainder when 7762 is divided by 387.
22
Calculate the remainder when 172885 is divided by 742.
741
Calculate the remainder when 39196 is divided by 138.
4
What is the remainder when 3921 is divided by 718?
331
Calculate the remainder when 14949 is divided by 3732.
21
Calculate the remainder when 4412 is divided by 315.
2
What is the remainder when 5452 is divided by 849?
358
What is the remainder when 131205 is divided by 179?
177
Calculate the remainder when 7243 is divided by 65.
28
Calculate the remainder when 12797 is divided by 27.
26
Calculate the remainder when 34729 is divided by 6.
1
Calculate the remainder when 7055 is divided by 72.
71
What is the remainder when 4497 is divided by 2071?
355
What is the remainder when 4859 is divided by 958?
69
What is the remainder when 1637 is divided by 39?
38
What is the remainder when 4055 is divided by 122?
29
Calculate the remainder when 12848 is divided by 12837.
11
Calculate the remainder when 3518 is divided by 34.
16
What is the remainder when 30064 is divided by 144?
112
What is the remainder when 17565 is divided by 84?
9
What is the remainder when 6633 is divided by 557?
506
What is the remainder when 21097 is divided by 137?
136
What is the remainder when 30325 is divided by 48?
37
What is the remainder when 4495 is divided by 1449?
148
Calculate the remainder when 44219 is divided by 4912.
11
What is the remainder when 17171 is divided by 41?
33
What is the remainder when 3862 is divided by 963?
10
Calculate the remainder when 100735 is divided by 1768.
1727
What is the remainder when 392 is divided by 185?
22
Calculate the remainder when 220921 is divided by 434.
15
Calculate the remainder when 223530 is divided by 2599.
16
Calculate the remainder when 69176 is divided by 69.
38
Calculate the remainder when 22925 is divided by 3819.
11
Calculate the remainder when 21232 is divided by 21141.
91
Calculate the remainder when 563035 is divided by 59.
57
Calculate the remainder when 806 is divided by 425.
381
Calculate the remainder when 6215 is divided by 1418.
543
What is the remainder when 1082 is divided by 266?
18
Calculate the remainder when 364 is divided by 107.
43
Calculate the remainder when 2924 is divided by 307.
161
Calculate the remainder when 50997 is divided by 12748.
5
Calculate the remainder when 1734 is divided by 417.
66
Calculate the remainder when 1475 is divided by 516.
443
What is the remainder when 4638 is divided by 220?
18
Calculate the remainder when 7968 is divided by 886.
880
Calculate the remainder when 41029 is divided by 108.
97
What is the remainder when 87680 is divided by 3507?
5
Calculate the remainder when 3654 is divided by 47.
35
What is the remainder when 17279 is divided by 15?
14
Calculate the remainder when 7055 is divided by 66.
59
Calculate the remainder when 58557 is divided by 11711.
2
What is the remainder when 269 is divided by 24?
5
Calculate the remainder when 1399 is divided by 631.
137
Calculate the remainder when 179697 is divided by 10.
7
Calculate the remainder when 1267 is divided by 360.
187
Calculate the remainder when 5391 is divided by 1062.
81
Calculate the remainder when 30225 is divided by 10071.
12
What is the remainder when 962684 is divided by 1007?
999
Calculate the remainder when 690686 is divided by 910.
906
What is the remainder when 7560 is divided by 2515?
15
Calculate the remainder when 30762 is divided by 2366.
4
What is the remainder when 626361 is divided by 1524?
1521
Calculate the remainder when 8170 is divided by 541.
55
Calculate the remainder when 7520 is divided by 250.
20
Calculate the remainder when 549719 is divided by 20.
19
Calculate the remainder when 118740 is divided by 443.
16
What is the remainder when 11128 is divided by 2762?
80
Calculate the remainder when 1875 is divided by 930.
15
Calculate the remainder when 219366 is divided by 70.
56
What is the remainder when 8573 is divided by 57?
23
What is the remainder when 14770 is divided by 180?
10
Calculate the remainder when 256 is divided by 108.
40
What is the remainder when 62553 is divided by 38?
5
What is the remainder when 5516 is divided by 1776?
188
What is the remainder when 5300 is divided by 121?
97
What is the remainder when 664169 is divided by 5?
4
Calculate the remainder when 69494 is divided by 353.
306
Calculate the remainder when 3303 is divided by 337.
270
What is the remainder when 59369 is divided by 6?
5
What is the remainder when 617 is divided by 583?
34
What is the remainder when 164601 is divided by 348?
345
Calculate the remainder when 12189 is divided by 56.
37
What is the remainder when 2630 is divided by 52?
30
What is the remainder when 93580 is divided by 5198?
16
What is the remainder when 146384 is divided by 132?
128
What is the remainder when 1202 is divided by 116?
42
What is the remainder when 9635 is divided by 20?
15
Calculate the remainder when 1346071 is divided by 179.
170
Calculate the remainder when 3505324 is divided by 155.
154
What is the remainder when 26466 is divided by 38?
18
Calculate the remainder when 13980 is divided by 86.
48
What is the remainder when 442504 is divided by 47?
46
What is the remainder when 1611054 is divided by 21?
18
Calculate the remainder when 23195 is divided by 72.
11
What is the remainder when 2801 is divided by 2800?
1
What is the remainder when 1914693 is divided by 348?
345
Calculate the remainder when 6463 is divided by 184.
23
What is the remainder when 3441203 is divided by 494?
493
Calculate the remainder when 3825 is divided by 59.
49
Calculate the remainder when 17212 is divided by 366.
10
What is the remainder when 36580 is divided by 3655?
30
Calculate the remainder when 9326 is divided by 4662.
2
Calculate the remainder when 20409 is divided by 55.
4
What is the remainder when 109 is divided by 53?
3
What is the remainder when 3530 is divided by 3510?
20
Calculate the remainder when 160812 is divided by 16.
12
Calculate the remainder when 13106 is divided by 205.
191
What is the remainder when 175053 is divided by 214?
1
Calculate the remainder when 7660 is divided by 19.
3
What is the remainder when 7182 is divided by 462?
252
What is the remainder when 7749 is divided by 54?
27
Calculate the remainder when 526 is divided by 68.
50
Calculate the remainder when 2729 is divided by 391.
383
Calculate the remainder when 5210 is divided by 171.
80
Calculate the remainder when 66692 is divided by 388.
344
What is 